 be 186/14 + (-10)/35. Let p(i) = -3*i**2 - 3*i**3 + 2*i**2 + g*i**3 - 1 + 2*i. What is the tens digit of p(1)?
1
Let m = -35 + 72. Suppose m + 68 = 5*h. What is the units digit of h?
1
Let s be (12/2)/(2/5). Let u(g) = 2*g - 2. Let c be u(-2). Let f = s + c. What is the units digit of f?
9
Let t = -12 + 8. Let c = t + 10. What is the units digit of c?
6
Let c(r) = -r**2 + 9*r - 10. What is the units digit of c(7)?
4
Let w be 6/4 + 6/(-4). Suppose w = -2*c - 3*c + 25. What is the units digit of c?
5
Let d be 6/(-27) + (-11)/(-9). Let x = d - -4. What is the units digit of x?
5
Let u(s) = -4*s + 8. Let b be u(-3). Suppose b*o = 15*o + 55. What is the tens digit of o?
1
Let a = 1 + 5. Let x be 4/a + (-278)/(-6). Suppose -x = -5*y - 2. What is the units digit of y?
9
Suppose -2*x - 7 = -n, -3*x = 2*n + 2*x - 14. Let i be ((-6)/4)/((-6)/8). Suppose -n*j + i*j + 40 = 0. What is the units digit of j?
8
Let b(d) = -d - 3. Let i be b(-6). Suppose -i*t - t = -8. What is the units digit of t?
2
Let v = 12 + -7. Suppose 3*j = -3*t - 3, -3*t + 5 = v*j + 2. Let p(f) = 2*f**2 - 5*f + 4. What is the units digit of p(j)?
7
Let f be (3 + -3 + -5)*1. Let j(d) = d + 4. Let w be j(f). Let l(k) = -9*k**3 + 2*k**2 + 2*k + 1. What is the units digit of l(w)?
0
Suppose 4*c - 4*t = -5*t + 136, -2*t = c - 41. What is the tens digit of c?
3
Suppose q = -3*p - 48, -p - 4 - 12 = 2*q. Suppose v = 2*v - 5*w + 33, 0 = 4*v - 5*w + 57. Let n = v - p. What is the units digit of n?
8
Let q(x) = x - 1. Let b be q(1). Suppose -2*z + 5 + 7 = b. What is the units digit of z?
6
Let p(b) = -2*b + 4. Let c be p(2). What is the units digit of 19 - (5 + -2 + c)?
6
Let c be 40 + -1 + -4 + 4. Let b = c - 18. What is the units digit of b?
1
Let r(l) = -l + 70. What is the tens digit of r(24)?
4
Let o = 35 - 16. What is the tens digit of o?
1
Suppose 3*y + 19 - 1048 = 0. What is the tens digit of y?
4
Let g = 8 - 3. Suppose 3*v - 42 = g*y + 4, -4*y = v - 4. Suppose -x - v = -3*x. What is the units digit of x?
6
Let t be (-26)/(-7) - (-4)/14. Let u = 0 - 0. Suppose u*d - t = 2*d, -5*d - 4 = l. What is the units digit of l?
6
Let m be 216/20 + (-4)/5. Suppose 3*k - m = k. What is the units digit of k?
5
Let a = 91 + 8. What is the units digit of a?
9
Suppose -d - 4*t + 7*t = -3, 2*d + 5*t - 39 = 0. What is the units digit of 6/d - (-2)/4?
1
Suppose 5*d - 7 = -17. What is the tens digit of 0*d/6 - -21?
2
What is the units digit of (-387)/(-6) + 1/(-2)?
4
Suppose 9 = 3*t, 2*f = -4*t + 2*t + 18. Suppose 0 = -4*n + 8, -f*s + 3*n - 10 = -2*s. What is the units digit of 2/(-5)*(s - 29)?
2
Suppose -r - r - 18 = 0. Let u = 21 + r. What is the tens digit of u?
1
What is the tens digit of (-4)/(-12) - 137/(-3)?
4
Suppose -v = -5*i + 2*v + 535, v - 515 = -5*i. What is the tens digit of i?
0
Suppose 45 = 5*x - 75. Suppose -12 - x = -3*o. Let i = 24 - o. What is the tens digit of i?
1
Let k = 183 + -98. Suppose -2*s = 3 - k. What is the units digit of s?
1
Suppose 2*m + 5 - 13 = 0. What is the units digit of m?
4
Suppose -34*h = -37*h + 15. Suppose 0 = 3*m - 3*d + 2*d - 7, 45 = 5*m + h*d. What is the units digit of m?
4
What is the tens digit of 8/(-32) + 370/8?
4
Let o(u) = -3*u + 1. Suppose 0*w - 36 = 3*w. What is the tens digit of o(w)?
3
Suppose o = -3*o - 20. Let s = 15 + o. What is the tens digit of s?
1
Let v be (-2)/4 - 44/(-8). Let z = v - 4. What is the units digit of z?
1
Suppose -c = -w + 260, 11*w = 16*w + 3*c - 1340. What is the hundreds digit of w?
2
Let g(d) = d**2 - 6. Let b be g(-8). Let t = b + -31. What is the units digit of t?
7
Let b(g) = -g**2 + 3*g + 2. Let l be b(3). Let i be 5*l + (-6 - -4). Suppose -2*h = -i - 12. What is the units digit of h?
0
Let t(a) = 3*a**2 + 2*a - 3. Let h be t(-3). Suppose 2*d = -0*d + h. What is the units digit of d?
9
Let l = -10 - -14. What is the tens digit of 71/4 + l/16?
1
Suppose 5*f - 3 - 57 = 0. What is the tens digit of f?
1
Let m be (36/10)/((-5)/(-25)). Suppose u + m = 2*u. What is the units digit of u?
8
Suppose -s + 5 = 3*h - 8, -4*h + 10 = 5*s. What is the units digit of h?
5
Let m = 13 - -9. What is the units digit of m?
2
Let l(v) = 4*v - 1. Let w(g) = -g**2 - 9*g + 4. Let s be w(-9). Let n be (-20)/(-4)*s/10. What is the units digit of l(n)?
7
Let l(u) = u**2 + 4*u + 2. Suppose 3*f + 16 - 4 = 0. Let c be l(f). What is the units digit of c/1 - (-2 - -1)?
3
Suppose a - 27 = 4*g + 33, 0 = 4*a + 3*g - 164. Suppose 3*y - a = 2*q, -56 = -3*y - 3*q + 8*q. What is the tens digit of y?
1
Suppose -g + 0 = 4*n - 51, -5*n = 4*g - 248. What is the tens digit of g?
6
Let o(v) = 11*v**3 + v**2 + 3. What is the tens digit of o(2)?
9
Let m = 269 + -180. Suppose -4*y + 3*v + 42 = 0, -5*y - 4*v - 21 = -m. What is the tens digit of y?
1
What is the units digit of 1/(2/(-2))*-35?
5
Let p = -1 - -2. Let r = p - -4. Suppose r*v = -20, 0*v - 37 = -3*l + 4*v. What is the units digit of l?
7
Let y be ((-3)/2)/(6/(-16)). What is the tens digit of y/(-16) + 82/8?
1
Let z be 5/(-2)*12/(-6). Let f(q) = 1 - z*q**2 - 11*q**3 - 4*q**2 + 12*q**3. What is the units digit of f(9)?
1
Let r(s) = 9*s**2 + 3*s - 3. Let z be r(2). Suppose -5*n = -z + 9. What is the units digit of 2/n - (-10)/15?
1
Let r(p) = -p**3 - 3*p**2 + 3. Let c be r(-3). Suppose -2*g - 2 = -4*y + 8, 5 = 4*y - 3*g. Suppose c*j = q + j + 1, -q - 7 = -y*j. What is the units digit of q?
3
Let t(x) = -x**2 - 7*x + 7. Let a be t(-7). Suppose -5*h - a = -37. What is the units digit of h?
6
Let z(n) = 3 + n + n**2 + 0*n**2 - 7 + 2. What is the tens digit of z(-5)?
1
Suppose 8*z - 341 = 19. What is the tens digit of z?
4
Suppose -3*s = -3*m + 9, 7*m = s + 2*m + 3. What is the units digit of -1 - (s + 3 + -6)?
5
Let x(a) = a**3 + 6*a**2 - 7*a + 4. Suppose 5*q - 2*t + 0 = 4, 4*q - 3*t = -1. Suppose q*c - 4*u = -22, 4*u + 7 - 1 = -2*c. What is the units digit of x(c)?
4
Let i(p) = p**3 - 5*p**2 + 4. Let g be i(5). Suppose g*y + s = 75, 3*y + 4*s - 53 = -0*y. Let w = -13 + y. What is the units digit of w?
6
What is the units digit of (142/4)/(8/16)?
1
Suppose 0 = -j - 7 + 2. Let f = 6 - j. What is the units digit of f?
1
Suppose -p = -4, -g - 3*p = 2 - 47. What is the units digit of g?
3
Suppose -6*p + 103 + 119 = 0. What is the tens digit of p?
3
Let r = -23 - -12. Let c be (-9)/r + (-6)/(-33). What is the tens digit of -2 + 14 - (1 + c)?
1
Suppose 0 = -6*n + 4*n. Let b be -2 + n + -6 + 1. Let z = b - -11. What is the units digit of z?
4
Suppose 21 = -5*j + 2*g, 3*g = 6*j - 3*j + 18. Suppose 2*o + 0*o = -18. What is the units digit of (j/o)/(2/18)?
3
Let w = -126 - -182. Suppose -4*i + 0*z + 53 = z, 4*i = -4*z + w. What is the tens digit of i?
1
Let s(z) = 3*z**2 - 9*z + 7. Let y(r) = -4*r**2 + 9*r - 6. Let o(l) = 5*s(l) + 4*y(l). What is the units digit of o(-9)?
1
Suppose -y - 2 = -2*y. Suppose y*q + 0*h = 3*h - 21, -4*q = 2*h + 2. Let x = q + 10. What is the units digit of x?
7
Let l = -5 - -8. Suppose -40 = -l*n - n. What is the tens digit of n?
1
Suppose 3*x + 45 = m, -170 = -5*m - 2*x + 6*x. What is the units digit of m?
0
Suppose -4*p = -5*k - 11, -3*p = 4*k + 10 + 5. Let q be (2 + p)*(3 - -2). Suppose -2*f - 11 = -5*c, 4*f + 4 = q*c - 3. What is the units digit of f?
2
Let w = -80 + 162. What is the units digit of w?
2
What is the units digit of -4 - (-9)/((-45)/(-250))?
6
Let f = -88 + 145. What is the units digit of f?
7
Let m be (-4)/(-10)*10/2. Suppose n - 1 = m. Suppose -h - 4*h = -4*y - 6, 3 = -n*y + 3*h. What is the units digit of y?
1
Let r be -2 + ((-18)/(-3) - -1). Suppose 4*j + 20 = h, 4*h = r*j + 19 + 6. Suppose 4*b + 5*m = 2*b + 21, h = -4*m + 4. What is the units digit of b?
8
Let f = -83 - -59. What is the tens digit of 57/4*f/(-9)?
3
Let i = 111 + -42. Suppose -5*w + i = -2*w. What is the units digit of w?
3
Let b(x) = 11*x - 21. What is the tens digit of b(10)?
8
Let q(d) = -d**2 - 12*d + 14. What is the tens digit of q(-9)?
4
Let g = -9 + 14. Suppose -4*r + 15 = -g. What is the units digit of r?
5
Suppose t + 6 = -2*t, 20 = -2*n - 2*t. Let v(q) = -2*q - 10. What is the units digit of v(n)?
6
Let k = 1 + -2. Let d be (-1 + 3 - 0) + k. Suppose -4*u = -d - 3. What is the units digit of u?
1
Suppose 0*g + 5*g = 370. Suppose -4*k + g = -94. What is the tens digit of k?
4
Let f = 13 - -28. Su